Is w composite?
False
Let x be ((-12)/(-8))/(4/8). Suppose 3*i - 2818 = -0*v - v, -2838 = -x*i + 3*v. Is i a composite number?
False
Let z = 65796 + -39239. Is z composite?
False
Suppose -10*a + 42 = -28. Suppose a*p - 318 = p. Is p composite?
False
Let k = 2034 + -3928. Let d = -977 - k. Is d a prime number?
False
Suppose 10*z - 5*z - 263903 = 2*d, -2*z + 4*d + 105558 = 0. Is z composite?
True
Let q be 384/(-6) + (4 - 1). Let y = q + 260. Is y a prime number?
True
Is 6/(-18)*(12784/(-4) - 5) a composite number?
True
Let x = 18059 + -6001. Is x composite?
True
Let t = -597 + 1122. Suppose t = 5*n - s, 2*n = -3*s + 215 + 12. Suppose -2*v + n = 12. Is v composite?
False
Suppose 4*c + 29988 = 4*g, 8*c - 7*c = -4. Is g composite?
True
Is ((-110421)/36)/(3/(-12)) a composite number?
False
Let n(f) = -3758*f + 4. Let c be n(-2). Suppose 4*d = -1924 + c. Is d a prime number?
True
Let r(v) = 3*v**3 - 4*v**2 - 6*v - 8. Let t be r(6). Suppose -2*c + 5182 = t. Is c a composite number?
True
Let d(g) = -2*g**2 - 5*g - 4. Let n be d(-1). Is n/(25/(-10)) - (-3393)/5 composite?
True
Is (1342765/775)/(1/5) a prime number?
True
Let b(t) = -2*t + 11105. Let v be b(0). Let p = 22572 - v. Is p prime?
True
Let n = 9053 - -1788. Is n a composite number?
True
Let j = -54 + 2669. Suppose -2*h - m = -1042, 0*m = -5*h - 5*m + j. Is h prime?
False
Let m(a) = 207*a - 392. Is m(9) prime?
True
Let j(x) = -x**3 - 6*x**2 - 8*x - 5. Let i be j(-5). Suppose -i*q - 130 = -5*q. Is 4/q + (-8720)/(-65) prime?
False
Let m(o) = 84*o**2 + o. Let a(n) = -n**2 - 12*n - 1. Let b(r) = r**2 + 23*r + 3. Let h(l) = 5*a(l) + 3*b(l). Let x be h(5). Is m(x) a composite number?
False
Let u = 816 - -161. Let o = u + -629. Suppose -222 = -4*q + 2*l, 3*l = 5*q + 70 - o. Is q prime?
False
Let d be ((-9)/(-2))/9*0. Suppose 3*s - 589 + 58 = d. Is s composite?
True
Let a = -8968 + 15515. Is a a composite number?
False
Is 6/(-2) + 0 + (-16720)/(-11) prime?
False
Suppose 4*z = 2*z + 1770. Suppose 0 = -2*y - 103 + z. Is y a composite number?
True
Suppose -30681 - 26994 = -15*k. Is k prime?
False
Let p = 1536 + -1097. Is p a prime number?
True
Let c = 12491 - 3462. Is c composite?
False
Is (-2 - (-64)/28)/((-84)/(-6817566)) composite?
False
Suppose n = -3, l - 4*n + 8 = -3*n. Let c(v) = -4*v**3 + 12*v**2 - 4*v - 21. Let o(x) = -5*x**3 + 12*x**2 - 5*x - 22. Let y(u) = 6*c(u) - 5*o(u). Is y(l) prime?
False
Let s(z) = 10*z**2 - 4*z + 5. Let n = -24 + 65. Suppose 3*i - n + 20 = 0. Is s(i) a composite number?
False
Let i(b) = -5 - 4*b + 0*b + 40. Is i(-15) composite?
True
Let j(g) be the third derivative of -13*g**6/720 - 3*g**5/40 - 5*g**4/24 - 6*g**2. Let n(m) be the second derivative of j(m). Is n(-11) a composite number?
True
Let b(l) = l**3 + 6*l**2 + 5*l + 2. Let a be b(-5). Suppose 2*r = 4 + a. Suppose r*c - 2 = 2*c, -2*m + 2*c = -34. Is m a prime number?
True
Suppose 3*g = 2*g - 1, -7 = o + 5*g. Is 349*(-1 - -2) + o prime?
True
Let i(q) = q - 3*q - 11*q**3 + 5*q + 7 + 2*q**2 - 2*q. Is i(-3) composite?
True
Let k(p) be the third derivative of 2/3*p**3 + 1/4*p**4 - p**2 + 1/15*p**5 + 0*p + 0 + 3/40*p**6. Is k(5) composite?
False
Let i = 79643 + -33448. Is i prime?
False
Let n(w) = -99*w**2 + 7*w + 7. Let m be n(-5). Is (m/(-3))/((-1)/(-3)) composite?
False
Let a = -9 + 11. Suppose 30 = -4*y - 3*b, a*y = 5*y - 2*b + 14. Let f(w) = w**3 + 12*w**2 + 2. Is f(y) composite?
True
Suppose -3*i = -2*j + 4*j - 1347, 4*i - 1819 = 5*j. Is i a prime number?
False
Suppose -716006 = -102*r + 68*r. Is r a composite number?
False
Let d = -12 + 21. Suppose -3*u - 6393 = -3*a, 0*a = -2*a - 4*u + 4256. Suppose d*w - a = 3*w. Is w a composite number?
True
Let i be 3/(-6)*-14 + -4. Suppose -i*z + 4*z = 4. Suppose z*h = 308 + 224. Is h a composite number?
True
Let n be 5/(-2)*52/(-10). Let g = n - 11. Suppose g*m = -m + 354. Is m composite?
True
Suppose -216553 - 102879 = -8*r. Is r prime?
True
Suppose 6*x = -3*x + 6633. Is x composite?
True
Let d(c) = 20*c**2 - c. Let g(k) = k**3 + 4*k**2 - 2*k - 5. Let x = -16 + 12. Let j be g(x). Is d(j) a composite number?
True
Let q(a) = a**2 + a + 3. Let w be q(-3). Let b(h) = h**2 + 11. Let s be b(w). Suppose n = -2, x - n = -2*n + s. Is x composite?
True
Let w = 22956 + -12655. Is w a prime number?
True
Is 956 + ((-6)/(-3) - 5) a composite number?
False
Let x(y) = 120*y - 199. Is x(33) prime?
True
Let b be (96/(-28))/2*7. Is 2/(-3) + (-3188)/b prime?
False
Let y(h) = -5077*h + 11. Let a be y(1). Let k = a - -8913. Is k a prime number?
True
Is -2*(-6)/9*(-2521410)/(-40) prime?
True
Is 2 + (-5 - 0) + 2770 prime?
True
Let j be (-2)/10 - (-58)/(-10). Let q(f) = -21*f**2 + 0*f**3 + 3*f**3 - 2*f**3 + 1 + 30*f**2 + 9*f. Is q(j) a prime number?
False
Let k = 599 - 217. Is k a prime number?
False
Let f = 0 - 6. Let g = f + 4. Is (g/(-4))/((-3)/(-762)) a composite number?
False
Is (4 - 2)/8 + (-65217)/(-12) composite?
True
Let i(r) = -575*r - 29. Let w be i(-4). Let y = w + -1292. Is y prime?
False
Suppose -x + 1352 = 3*x + k, 0 = -x + 4*k + 321. Let d = 318 + x. Is d prime?
False
Let a = 34637 + -24048. Is a prime?
True
Suppose -5*s - 103077 = -8*s + 3*z, 0 = -4*s + 5*z + 137432. Is s a composite number?
True
Let n be (9/(-2))/(12/24). Let f = 11 + n. Suppose -2*j - 3*j + 31 = 4*y, f*y = -4*j + 26. Is j a composite number?
False
Let r be (3/(-3 + 0))/1. Let k(x) = -x - 1. Let h be k(r). Suppose 4*a - y - 197 + 45 = h, -a = -4*y - 53. Is a a composite number?
False
Let u be (8 + -2)/3 + -14. Suppose 2*f = 3*f - 293. Let m = f - u. Is m composite?
True
Let w(h) = -h**3 - 3*h**2 - 4*h - 4. Let j(b) = -2*b + 9. Let q be j(6). Let s be w(q). Let i(c) = 46*c - 9. Is i(s) prime?
True
Let v(j) be the second derivative of -j**8/3360 - j**7/2520 + j**6/120 + j**5/20 + j**4/12 - j. Let t(p) be the third derivative of v(p). Is t(-5) prime?
False
Let j = -5 + 6. Let i = 1 - j. Suppose i = s - 1 - 52. Is s a composite number?
False
Let r(g) = -3*g - 35. Let n be r(-13). Suppose -6759 = -n*o - 5*o. Is o prime?
True
Suppose -5*j + 0 + 20 = 0. Suppose -j*h = -0*h + 116. Is (3*h)/((-12)/8) a prime number?
False
Let o be ((1 + -2)*1)/(2/(-10)). Is (151/(-2))/(o/(-50)) a prime number?
False
Let q(t) = 5*t**2 + t - 13 + 11 + t. Is q(-3) composite?
False
Let o(p) = -p**3 + 18*p**2 + 34*p - 29. Is o(18) prime?
False
Suppose -20*u + 48*u = 231448. Is u a prime number?
False
Let l = -24 + 27. Is (-2*l/(-3))/((-2)/(-3389)) composite?
False
Let r be (-1 - 735/10)*2. Let g = r + 262. Is g a prime number?
True
Let m(b) = 3*b**2 - 28*b - 9. Let q(p) = p**2 + p + 1. Let x(v) = m(v) - 2*q(v). Is x(-8) a composite number?
False
Let p = 46743 - 32798. Is p a prime number?
False
Let m(p) be the first derivative of 23*p**2 + 9*p - 17. Is m(5) a composite number?
False
Suppose -4 = 4*t, 5*x - 3*t - 130627 = -6*t. Is x a prime number?
False
Suppose 0 = -4*n + 32 + 8. Let w be 105/14*(-8)/n. Let t = w + 29. Is t a composite number?
False
Suppose 4961 = -2*p + 19917. Is p a composite number?
True
Let y(j) = -3*j**3 - 7*j**2 + 16*j + 23. Is y(-8) a composite number?
False
Let d be ((-1761)/(-12))/((-1)/(-8)). Suppose j - 695 = -4*l, -d = 3*j - l - 3194. Suppose -5*v + 5*g + j = 0, v + 4*g - 80 = 45. Is v composite?
True
Let y(z) = z**2 - 14*z - 20. Suppose h - 1 = -2*v, -7*v + 29 = -3*h - 5*v. Is y(h) a composite number?
False
Let h(i) = -i**2 + i + 1. Let v be h(0). Let r be (-48 + (1 - -3))*v. Let q = r - -78. Is q a prime number?
False
Let m = -12 - -16. Suppose -m*r - 17 = 63. Let k = r - -23. Is k a prime number?
True
Let q(i) = 435*i**2 + 19*i + 5. Is q(8) a composite number?
False
Let q = -4124 + 7685. Is q prime?
False
Let h be (-51)/(-6) + (-6)/4. Let z = 12 - h. Suppose z*k + 367 = 2*t, 4*t - 9*t - 4*k = -967. Is t a prime number?
True
Suppose 7548 = 4*s - 4*d, 5*s + 2*d - 9439 = 6*d. Suppose -2*h - n = -1245, 2*h = 3*n - 642 + s. Is h a prime number?
False
Suppose 0 = -2*a - 3*m + 19, -4*m + 29 = 2*a + m. Suppose 0 = -2*i - a*i - 5*q + 471, -3*i + 356 = q. Is i a composite number?
True
Let j(p) = 398*p**2 + 13*p - 29. Is j(6) composite?
True
Let m = 29134 + -8433. Is m prime?
False
Let s = -74 - -95. Let c(r) = -r. Let q(z) = 49*z + 28. Let x(k) = -4*c(k) + q(k). Is x(s) a composite number?
True
Let o(z) = 802*z**2 - 17